(-2 + 1)).
2, 31
Let v = 166 + -225. Let a = v - -311. List the prime factors of a.
2, 3, 7
List the prime factors of 4263/735 + (-6)/1 + (-142542)/(-10).
2, 7127
What are the prime factors of 30075/4*(-5656)/(-3535)?
2, 3, 5, 401
Let m = 83023 - 44350. What are the prime factors of m?
3, 4297
List the prime factors of (-16)/(-80)*(-235700)/(-4).
5, 2357
Suppose 2*a - 2995 - 639 = 0. What are the prime factors of a?
23, 79
Suppose -12 = -b - 9. Let k be (-2)/b + 4/6. Suppose 42*y - 39*y - 489 = k. List the prime factors of y.
163
Suppose 0*n + 1343 = 4*n + 3*p, -3*n + p + 1017 = 0. Let t = 477 - n. What are the prime factors of 4 + -1 + 0 + t?
2, 71
Suppose q - 6*q + 55 = 0. Suppose 12*o - q*o - 2 = 0. Suppose -240 + 64 = -o*i. List the prime factors of i.
2, 11
Let k(i) = 388*i + 4486. List the prime factors of k(0).
2, 2243
Suppose -34*s + 28*s = 18. What are the prime factors of (374 - 1)*1 + s + 2?
2, 3, 31
Let s be ((-36)/30)/(7/((-350)/(-3))). What are the prime factors of (-2284*4/s)/((-6)/(-15))?
2, 571
Suppose -10 = 5*h, -3*m + 8*m + 4*h = 392. Let z = m - 27. What are the prime factors of z?
53
Suppose 0 = -d - 3*r + 26, -4*d + 67 + 27 = 2*r. Let l = 161 - d. List the prime factors of l.
2, 3, 23
Let v = -78 - -80. Suppose -v*k + 2*d + 20 = 0, -3*d = -3*k - d + 25. Suppose -f - 420 = -2*u, -5*u + k*f + 102 + 943 = 0. What are the prime factors of u?
211
Let a = 751 + -240. Let z = a - -22. List the prime factors of z.
13, 41
Let l = -56 + 56. Suppose l = 5*x + 3*x - 40. Suppose -a + 414 = 5*k - 777, -x*k - 4*a + 1179 = 0. What are the prime factors of k?
239
Let c = 101 - 99. List the prime factors of c/11 - 25965/(-33).
787
Let j(h) = -58*h**2 - 4*h + 22. Let z be j(8). Let a = z - -5218. What are the prime factors of a?
2, 11, 17
Let z(c) = -c**3 + 62*c + 14. Let w be z(8). Let u = -1 + 2. List the prime factors of (-211 + u)/w + (-27)/9.
2, 3, 17
Suppose -3 - 6 = -2*l + w, 0 = -l + 5*w. Suppose -19*j - 5*t - 543 = -20*j, 3*j + l*t = 1649. What are the prime factors of j?
2, 137
Let i = -9 + 9. Suppose -3*d + d + 2 = i, q + 10 = 4*d. List the prime factors of (q/(-8))/((-3)/(-384)).
2, 3
Let n(b) = -710*b + 1144. List the prime factors of n(-4).
2, 3, 83
Suppose 5*r = -5*t + 110, r + 44 = 3*r - t. Suppose -r*s - 118 = -1746. What are the prime factors of s?
2, 37
Let v be 4*(-4 + (-49679)/(-14)). Suppose 3*n = -31*n + v. What are the prime factors of n?
3, 139
Let c = 143 - 141. Suppose 3*d - 14 = c*v - 0*v, -3*d + 10 = 2*v. Suppose 5*n - d*n - 112 = 0. What are the prime factors of n?
2, 7
Let u be (5/((-30)/8))/(27/(-162)). List the prime factors of u*((-6)/21 + (-1219)/(-28)).
2, 173
Let a(f) be the second derivative of -33*f**5/2 - 13*f**3/6 - 6*f**2 + 40*f. What are the prime factors of a(-1)?
331
Let m(b) = 2*b**2 - 17*b + 19. Let t be m(17). Let i be t/(1 + 3) + 1 - 1. Let z = 303 - i. List the prime factors of z.
2, 113
Let d(o) = 19*o**2 - 122*o. Let f be d(6). List the prime factors of ((-551)/76)/(2/f).
2, 3, 29
List the prime factors of (51119 + 0)/1 + -18*(-30)/135.
3, 17041
What are the prime factors of (-8231456)/(-512) - 3/48?
3, 23, 233
Let y be 2/(-4) + 12249/18. Suppose 9*d = 14*d - y. Let z = d - 10. What are the prime factors of z?
2, 3, 7
Suppose -3*o = 4*a + 168 + 533, 5*o + 15 = 0. Let g(w) = w**3 - 11*w**2 - 41*w + 19. Let h be g(14). Let m = h - a. List the prime factors of m.
2, 103
Suppose t + 8 = -t + 3*j, 8 = -4*t + 2*j. Let s be -2 + (-11 - (2 - t)). What are the prime factors of s/(-5)*330/12?
2, 11
Let m(o) = 539*o + 1760. List the prime factors of m(25).
5, 11, 277
Suppose -5*r - 75255 = -2*d - 2032, 3*d = 3*r + 109803. List the prime factors of d.
2, 3, 19, 107
Suppose 5*u + 4*c = -1096, -2*u + 3*c = -0*u + 420. List the prime factors of (-3 + 3 - -20)/((-9)/u).
2, 3, 5
Let h be (-81)/(-189) + (-3044)/14. Let v = -74 - h. What are the prime factors of v?
11, 13
Let i = 16642 + 785. What are the prime factors of i?
3, 37, 157
Suppose -5*c + 43 = y - 0*c, -5*y + 5*c = -65. Suppose 4*s - 2*b = y + 210, -3*s - 5*b = -197. What are the prime factors of s?
59
Let t(z) = -274*z**3 + 83*z**2 + 19*z + 9. What are the prime factors of t(-6)?
3, 17, 1217
Suppose 0 = b - p - 5, 4*b - 18 = -2*p + 4*p. Suppose -b*r = -5*r - 36. What are the prime factors of (-1)/4 + (-1053)/r - 0?
29
Let l(f) = 5*f**3 - 34*f**2 - 5*f - 58. Let a(p) = -2*p**3 + 17*p**2 + 3*p + 30. Let x(t) = -7*a(t) - 3*l(t). List the prime factors of x(-18).
2, 3, 11
Let x(q) = 2*q + 28. Let n be x(-13). Suppose -14*m - n*m + 15408 = 0. What are the prime factors of m?
3, 107
Let z be 2 - 12/7 - 32620/(-49). Suppose -z + 2286 = 12*d. List the prime factors of d.
3, 5
Let r(t) = -t**3 - 6*t**2 - 10*t + 2. Let a be r(-4). Let f(b) = 6 + a*b - 56*b + 16*b + 10*b. What are the prime factors of f(-2)?
2, 23
Let t be (-9)/(27/6) + 3 + 493. List the prime factors of 4372/26 + (-76)/t.
2, 3, 7
Suppose 105489 = 4*u - t, 4*t - 79093 = 3*u - 6*u. What are the prime factors of u?
26371
Let d = -331 - -333. Suppose 2*u = 4, 3*h - 3*u = -d*u + 2962. What are the prime factors of h?
2, 13, 19
Suppose -51542 = -4*z + 3*k, -3*z + 12908 = -2*z + 3*k. List the prime factors of z.
2, 5, 1289
Let x = 108 - 42. Suppose -2*c = -4, 0 = -5*t - 5*c + x + 394. List the prime factors of t.
2, 3, 5
Let l be (-6044)/28 + 4/(-28). List the prime factors of (-180)/l - (-3367)/6.
2, 281
Suppose 0 = 5*t - 4*j - 32484, 134*t - 139*t + 32520 = 5*j. List the prime factors of t.
2, 5, 13
Let g(w) = -2*w**2 - 19*w + 13. Let n be g(-10). Suppose 2*a = 2*j + n*a - 368, 5*j - 5*a = 920. List the prime factors of j.
2, 23
Suppose -10251 = 6*u - 45981. Suppose -4*a - 3*f + 4743 = 0, -5*a - 2*f = -7*f - u. List the prime factors of a.
2, 3, 11
Let f(u) = 351*u**2 - 149*u - 1162. List the prime factors of f(-8).
2, 3, 23, 163
Suppose 3*j - 28 = -4*u, 0 = 5*j - 4*u - u. Suppose d = -j*d + 15. Suppose 25 = d*w - 110. List the prime factors of w.
3, 5
Let f be (-4*(-12)/16)/1. Suppose f*o = 65 - 8. Suppose -o*w + 16*w = -276. What are the prime factors of w?
2, 23
List the prime factors of (-1 + 1/(-1))/(24*(-66)/25513488).
2, 3, 7, 13, 59
Let r = -49 - -57. List the prime factors of (r/(-20))/(4/(-190)).
19
Let k(v) = 1453*v**2 - 9*v + 7. Suppose -3*m = -28*m + 25. What are the prime factors of k(m)?
1451
Let r(c) = -c**3 - 71*c**2 + 441*c + 226. List the prime factors of r(-78).
2, 263
Suppose 79999 = 18*u - 60005. What are the prime factors of u?
2, 3889
Let o = 4101 + -3447. What are the prime factors of o?
2, 3, 109
Suppose -2*a = y + 31, -3*a = y + 18 + 11. List the prime factors of -1*5*(5117/y - 3).
2, 373
Suppose 31*c - 30442 = 315619 - 74129. List the prime factors of c.
2, 3, 17, 43
Let o(w) = -6*w**2 - 7*w - 3. Let m be o(-3). Let g = m + 324. What are the prime factors of g?
2, 3
Suppose 1094849 = 26*w + 369293. What are the prime factors of w?
2, 3, 4651
Let m(v) = -8 + v + 2*v**2 - 5*v**2 + 20 - 4*v**3 + 2. List the prime factors of m(-4).
2, 109
Let b = -168 - -173. Suppose 370 + 495 = b*w. List the prime factors of w.
173
Let b be (1 + (-46)/(-6))*(-26910)/(-276). Let u = b - -441. List the prime factors of u.
2, 643
Let h = -17 + 20. Let u = -942 + 1835. Suppose -u = -5*k + 6*x - h*x, 8 = 2*x. List the prime factors of k.
181
Suppose -y + 31 - 22 = 0. Suppose 474 = y*q - 3*q. Suppose 0 = -c + 76 + q. What are the prime factors of c?
5, 31
List the prime factors of 11*(-62757)/(-108) + 3/36.
2, 17, 47
Suppose -34490 = -4*q + 2*g, 3*q - 11*g + 10*g = 25869. What are the prime factors of q?
2, 7, 11
Let x = 9230 + 9209. List the prime factors of x.
18439
Let r be 55/5 + (0 - 1). Suppose -r = j - 8. List the prime factors of j/11 - 233*1/(-11).
3, 7
Let j = -278 - -149. Let m be (3 + j/6)/((-2)/20). Let p = m - 60. What are the prime factors of p?
5
Suppose 18*d - 2*y - 26640 = 13*d, -10656 = -2*d - 5*y. List the prime factors of d.
2, 3, 37
Suppose 5*a - 8 = 3*a. Suppose -4*p - 4*j + 1435 = 431, -a*j + 266 = p. What are the prime factors of p?
2, 3, 41
Let u = -293 + 286. Let w(z) = -4*z**3 - 10*z**2 + 28*z + 6. List the prime factors of w(u).
2, 173
Suppose -w = -2*w + 35. Suppose 39*h - w*h = 3580. List the prime factors of 2/(-1) + (h/5 - -4).
181
Suppose -8*t + 0*t = -